uppose 0 = -r*j + a + 100, 3*j + 3*a - 155 = -j. What are the prime factors of j?
5, 7
Suppose -3 + 0 = o. Let k(d) = d**3 + 3*d**2 + 4. Let u be k(o). Let l = 6 - u. List the prime factors of l.
2
Let l = 6 + -6. Suppose 5*h - 13 = v, -v + 1 = -1. Suppose -3*z + z - 3*n + 19 = l, -3*z + h*n = -6. What are the prime factors of z?
5
Let f(o) = -3*o**3 + o**2 + o + 1. List the prime factors of f(-1).
2
Suppose -6*r = -13*r + 21. What are the prime factors of r?
3
Suppose 2*l + 5*w = 18, 3*l - 15 = -2*w + 1. Suppose -l*m + 4 = -4. Let g = m - 0. What are the prime factors of g?
2
What are the prime factors of (-204)/(-2) + 6 - (-2 + 0)?
2, 5, 11
Suppose 0 = -i + 13 + 13. Let t = 36 - i. What are the prime factors of t?
2, 5
Let l(f) = -f**2 - 7*f - 1. Let j be l(-4). Let u = -5 + j. Suppose -u*k + 2*k = -8. What are the prime factors of k?
2
Suppose 0 = -3*y + 9, 2*y - 60 - 1 = -5*b. What are the prime factors of b?
11
Let n(d) = 0*d**2 - d**2 - 6 + 2*d - 8*d + 13. List the prime factors of n(-5).
2, 3
Suppose -3*g + 0*g = -39. Suppose g + 8 = w. What are the prime factors of w?
3, 7
Let j = -27 + 177. What are the prime factors of j?
2, 3, 5
Suppose 28*t = 24*t + 460. What are the prime factors of t?
5, 23
Let n = -221 - -412. List the prime factors of n.
191
Let j(f) = f**2 - f - 2. Let w = 1 + 1. Let g be j(w). Suppose g = 2*r + 1 - 31. What are the prime factors of r?
3, 5
Suppose 0 = -j + 3*d + 27, 2*d - 8 = -5*j + 110. List the prime factors of j.
2, 3
Suppose n - 6 = -2*n. Suppose 3 = -2*z + 5. List the prime factors of (2 - n) + 11/z.
11
Let g = 85 - -1. What are the prime factors of g?
2, 43
Suppose 4 = -5*z - r, 0 = 2*z - 3*z + 5*r + 20. Suppose -30 = -5*k - 3*p, 3*k + z*p = -p + 22. What are the prime factors of k?
3
List the prime factors of 6/(-21) - (-780)/35.
2, 11
Let t(o) be the first derivative of o**2/2 + 4*o - 1. Suppose y + 6 = q + 4*y, 4*q - 16 = -4*y. What are the prime factors of t(q)?
7
Let q = 3 - 2. Let j(b) = 4*b. Let r be j(q). Suppose 2*i - 8 = 0, 5*g - 2*i = r*g + 1. What are the prime factors of g?
3
Let j(t) = 7*t**2 + 2*t + 3. Let i(o) = -o**2 - 1. Let z(u) = 6*i(u) + j(u). Let a be 0 + 2 - (11 - 4). List the prime factors of z(a).
2, 3
Suppose -27 = -3*j - 3*z, 3*j = 5*j - 4*z + 12. Let k be ((-4)/j)/((-2)/(-4)). Let m = k - -5. What are the prime factors of m?
3
Suppose 2*j - 29 = -5*l, 2*j - 5*l + 23 = 2. Suppose 60 = 5*q + j*c, 5*q + c - 65 = -0*c. List the prime factors of q.
2, 7
Suppose -98 = 30*s - 32*s. List the prime factors of s.
7
Let u be 2/(-7) - (-64)/28. Suppose u*b = -2*b. Suppose 0*g = -2*g - q + 15, 2*g - 5*q - 33 = b. List the prime factors of g.
3
Suppose -4*d = -h - 9, -5*h - 4*d = -0*h - 27. Suppose h*y - y = 28. What are the prime factors of y?
2, 7
Suppose 0*h + h + 5*u = 23, 3*h + 4*u - 14 = 0. Let k(i) = i**3 + 3*i**2 - 1. Let t be k(h). Suppose 0 = -t*c + 2*c + 11. What are the prime factors of c?
11
Let i(x) = x**3 + 6*x**2 - 8*x - 3. Let z be i(-7). Suppose -4*n - z*w + 48 = 0, -w + 30 = 5*n - 6*w. What are the prime factors of (-3)/n + 7/3?
2
Suppose 2*s + 3 = 7. Let d(r) = 4 + 0*r**2 - 2 - r**s + 0*r**3 + r**3. What are the prime factors of d(0)?
2
Let f(p) be the second derivative of 33*p**5/20 - p**4/12 - 5*p. What are the prime factors of f(1)?
2
List the prime factors of 66/55*(-40)/(-3).
2
Let s(i) = 1. Let t(h) = -3*h - 1. Let m(d) = -6*s(d) - 2*t(d). What are the prime factors of m(3)?
2, 7
Let x be 4*((-30)/(-4) - 2). Suppose x = 3*n - 26. What are the prime factors of n?
2
Suppose -5*p = -7*p + 36. What are the prime factors of p?
2, 3
Suppose 3*f - 4*f = 5. Let n = 12 + f. What are the prime factors of n?
7
Suppose -7*l + 60 = -2*l. List the prime factors of l.
2, 3
Let r = 2 - -1. Suppose n - 32 = r*c, 5*c = n - 2*n. What are the prime factors of n?
2, 5
Let g be 1/3 - (-40)/15. Suppose -3*o - 5*b - 9 = -1, g*b + 16 = o. Suppose -o*h = -2*j - 48, -3*h + 0*j = 4*j - 14. List the prime factors of h.
2, 5
List the prime factors of 3515/111*(1 - (0 + -2)).
5, 19
Suppose -3*a + 3 = -15. Let s(k) = -k + 9. Let y be s(a). Suppose -y*b - 2*h + 21 = h, 2*h = -5*b + 47. What are the prime factors of b?
11
Suppose 3*j - 2*i - 6 - 5 = 0, -3 = -4*j + 5*i. What are the prime factors of j?
7
Let a be (8/(-32))/((-1)/4). Let m(y) = y**3 - y**2 - 4*y + 3. Let i be m(3). Let q = a + i. What are the prime factors of q?
2, 5
Let x = 72 - 41. Let r = x + -17. List the prime factors of r.
2, 7
Let x(n) = -13*n - 33. What are the prime factors of x(-6)?
3, 5
Let i(t) = -t**3 + 7*t**2 - 5*t + 1. What are the prime factors of i(2)?
11
Let s(k) = -9*k. Let w be (3/2)/(2/12). Suppose -5*d - w + 4 = 0. What are the prime factors of s(d)?
3
Let f be (9/(-6))/((-3)/4). Let r(a) = f + 3*a + a - 3*a. List the prime factors of r(3).
5
Let b(u) be the first derivative of -u**3/3 + 11*u**2/2 + 26*u - 3. List the prime factors of b(11).
2, 13
Suppose -37 = -3*v - j, -2*j + 52 = 4*v + 2*j. List the prime factors of 9/v*8*1.
2, 3
Suppose -2*b + 6 = z, 2*b - 4*b + 2 = 0. What are the prime factors of z?
2
Suppose -4*b = -22 - 6. What are the prime factors of (-267)/(-21) - (-2)/b?
13
Suppose a + 5*k + 38 = 172, -3*a = -3*k - 384. Let p be -3 + 3 + -2 + -1. List the prime factors of 1/p + a/9.
2, 7
Suppose 4*c - 2*i - 129 = 285, -410 = -4*c - 2*i. What are the prime factors of c?
103
Suppose -4*h + 2*h = 110. Let p = 85 + h. What are the prime factors of p?
2, 3, 5
Let p be (-2)/(-12) - 58/(-12). What are the prime factors of (288/10)/6*p?
2, 3
Let p(g) = -g**2 + 3. Let m be p(0). Suppose -4*y = -15 + 3, m*w = -5*y + 21. List the prime factors of w.
2
Let i(a) = -2*a**3 - 4*a**2 + 2*a + 4. List the prime factors of i(-3).
2
Suppose -6 = 5*r - 26. Suppose 0 = -r*m + 34 + 38. List the prime factors of m.
2, 3
Let x be (-16)/(-7) + 2/(-7). Suppose c = q - 6, 1 = -x*q + 4*c + 19. Suppose -6 = i + q*p, 3*i + 3*p = 5*p + 37. List the prime factors of i.
3
Suppose 0 = -3*h + 56 + 34. Suppose -3*x + 35 = q - 0*q, 2*q - h = -2*x. What are the prime factors of x?
2, 5
Let k = 7 + -5. Let a be (k*3)/(4 + -2). Suppose h = 5*o + 26, -2*h + 5*h = a*o + 30. What are the prime factors of h?
2, 3
Let w(p) = -p**2 + 3*p + 60. What are the prime factors of w(0)?
2, 3, 5
Let n = 44 - 24. Suppose 3*j = 3*i - 60, 3*i - 4*j - n = 41. What are the prime factors of i?
19
Suppose 38 - 6 = 4*l. Suppose -8 = -s - d, s = d - 3*d + l. List the prime factors of s.
2
Let a(y) = 3*y - 6. Let m be a(7). Let g = m - 25. Let b = g + 21. List the prime factors of b.
11
Let u be (-33)/(-9) - 2/(-6). Suppose 7 = g - u*k + 3, 0 = -4*g + 4*k + 28. List the prime factors of g.
2
Let l(v) = v**3 - 2*v + 1. Let c be l(2). Suppose -c*o + 104 - 14 = 0. What are the prime factors of o?
2, 3
Suppose -3*h + 7 = 1, 4*d - 5*h + 98 = 0. Let a = d - -8. Let w = -7 - a. List the prime factors of w.
7
Suppose -9 - 123 = -x - 2*c, 240 = 2*x - 2*c. List the prime factors of x.
2, 31
Suppose 5*c + 89 = 2*j, 0*j - 3*j = -c - 153. Let d = j - 21. What are the prime factors of d?
31
Let u be 126 + -4 + 0/(-3). Suppose 6*j - u - 70 = 0. List the prime factors of j.
2
Suppose -4*c = -3*f - 6*c + 22, 0 = -3*c + 6. Suppose 4*p = 3*p + f. What are the prime factors of p?
2, 3
Suppose w + 2 = -w. Let x = 19 + w. List the prime factors of x.
2, 3
Let b(d) = d**2 - 13*d + 14. Let k be b(12). Suppose -o - k*o = 0. Suppose o*y - 12 = -y. List the prime factors of y.
2, 3
Let a(h) = -h**2 - 4*h + 1. Let k be a(-2). Suppose -1 = 2*y - k. List the prime factors of y.
2
Let q(l) be the third derivative of -l**6/120 + l**5/12 + 3*l**4/8 - 7*l**3/6 + l**2. What are the prime factors of q(6)?
11
Let n be 1/(-3 + (-14)/(-4)). Let p be 20/5 + (n - 1). Suppose p*d = 30 + 80. List the prime factors of d.
2, 11
Let j = -63 + 395. What are the prime factors of j?
2, 83
Let y(b) = -3*b**3 - 2*b**2 + 2*b + 3. Let d(n) = -n**3 + 3*n**2 - 2. Let h be d(3). Let v be y(h). Let g = 26 - v. What are the prime factors of g?
11
Suppose 4*k + 2 = -b + 17, 4*b + 5*k = 115. List the prime factors of b.
5, 7
Suppose -5*t + 682 = -4*z, 0 = -0*z + 3*z - 6. List the prime factors of t.
2, 3, 23
List the prime factors of (-2 - 1/(-1)) + (105 - 5).
3, 11
Suppose -3*c + 80 + 118 = 0. What are the prime fact